0 = -44*y + 46*y - 12. Let q(b) = -6 - 12 + 1 - 1 + 21*b. List the prime factors of q(y).
2, 3
Let h(j) be the second derivative of 37*j**4/6 - j**3/3 + j**2/2 - 2*j. Let i be h(1). Suppose 0 = -0*w - w + i. List the prime factors of w.
73
Suppose 1438*z - 1308*z = 1977040. List the prime factors of z.
2, 1901
Let a(i) = -i**3 + 9*i**2 - 13*i - 7. Let n be a(7). Let k be 1/(n - (-1 - (-344)/346)). Let s = -34 + k. What are the prime factors of s?
139
Let d(y) = y**2 + 10*y + 13. Let g be (1/((-6)/(-4)))/(9/(-1458)). Let v = g - -116. List the prime factors of d(v).
157
Let h = 8 - -47. Let t = h - 51. Suppose v + s - 1 = 0, 4*v - v - t*s = 24. What are the prime factors of v?
2
Suppose 24*q + 8003 + 4885 = 0. Let z = q - -603. List the prime factors of z.
2, 3, 11
Let q(o) = 8*o**2 - 9*o + 8. Let p = -117 + 123. List the prime factors of q(p).
2, 11
Let b(t) = 1197*t - 163. Let n be b(7). Suppose -24*z + n = -3520. What are the prime factors of z?
3, 163
Let g(b) be the third derivative of 5*b**4/24 - 10*b**3/3 - 2*b**2. Suppose 0 = 4*w - h - 65, -55 = -5*w + h - 5*h. What are the prime factors of g(w)?
5, 11
Let p be (-6)/27 - (-60)/27. Let o = 10 - p. Let t(n) = -n**3 + 11*n**2 + 1. What are the prime factors of t(o)?
193
Let u(v) = 4*v**2 + 11*v - 2. Let o be u(-3). List the prime factors of o/8 + (-236843)/(-232).
1021
Suppose x + 18 + 0 = -3*c, -52 = 5*x - 4*c. Let w(r) = -21*r - 62. What are the prime factors of w(x)?
2, 5, 19
Let q = 26219 + -12676. List the prime factors of q.
29, 467
Let s(k) = 3*k**3 + 4*k**2 - 44*k + 394. What are the prime factors of s(9)?
13, 193
Let v(u) = -61*u - 28. Let s be v(-8). Let w = s - -50. Suppose -5*g = -0*g - w. List the prime factors of g.
2, 3, 17
Suppose 30*m = -3*b + 32*m + 85, 4*m - 80 = -4*b. Suppose -1600 = b*o - 30*o. What are the prime factors of o?
2, 5
Let x be (-6)/(-3) + 435/6*-4. Let u = -247 - x. List the prime factors of u.
41
Let n be (-15)/((-180)/(-8))*(-1842)/4. Suppose -31*i - n = -32*i. Suppose 0 = 3*j - i - 179. List the prime factors of j.
2, 3
Suppose -248 = 3*f - 7*f. Suppose -5*y + s - 44 = 0, 5*y + f = -4*s + 13. Let j = y - -97. What are the prime factors of j?
2, 11
Let j be -2 + 7 - 24/3. Let l(d) = -d**3 + d**2 - d - 1. Let q(n) = -2*n**3 + 9*n**2 - 4*n - 2. Let r(u) = 6*l(u) - q(u). List the prime factors of r(j).
83
Let i(p) be the third derivative of -p**6/120 - p**5/10 + p**4/3 + 5*p**3/6 - 7*p**2. Let s be i(-8). Let y = s + 10. What are the prime factors of y?
79
List the prime factors of -6 + 19260/(-8)*96/(-80).
3, 31
Suppose 23*o = -2*n + 24*o + 11740, -o + 17610 = 3*n. What are the prime factors of n?
2, 5, 587
Suppose -3*a = -0*a - 24. Let r = 13 - a. Suppose -5*q - 15 = 0, -2*g - r*q = 3*g - 425. List the prime factors of g.
2, 11
Let y = -5671 + 28648. List the prime factors of y.
3, 23, 37
Suppose -4*b + 24 = s, 4*b + s - 24 = -2*s. Let o = 197 + -153. Let r = b + o. List the prime factors of r.
2, 5
Suppose 2*d = -0*h - 5*h, -4*d - 20 = 0. Suppose 3*k + h*k - 230 = 0. Suppose 5*b + k = 3*m - 175, 0 = 2*m + 4*b - 162. What are the prime factors of m?
7, 11
Suppose -42*t + 5590 = -29*t. Let j be (2*-1 - -3)*4. Suppose t = p + j*p - 2*x, p + 5*x - 86 = 0. What are the prime factors of p?
2, 43
Let t(j) = -j**3 + 5*j**2 - 12*j - 4. Let h be t(6). Let d = 653 + h. List the prime factors of d.
541
Let y = 5422 - 4071. What are the prime factors of y?
7, 193
Suppose -8*y + 2079 = -1081. Let v = y + -159. What are the prime factors of v?
2, 59
Let n(k) = 6*k + 15. Let d = 57 + -23. Suppose 0 = m + d - 43. What are the prime factors of n(m)?
3, 23
What are the prime factors of 4290/520*5992/6?
7, 11, 107
Suppose 0 = m + 26 - 29. List the prime factors of (-5 - -6)*(m - -59).
2, 31
Let n(r) = -4*r - 23. Let t(p) = 12*p + 70. Let v(i) = -11*n(i) - 4*t(i). Let h be v(-10). Suppose -o - 5 = 3*x - 54, -2*o = x - h. List the prime factors of x.
17
Let k(m) be the second derivative of 0 - 2*m**2 + 7/6*m**4 - 1/2*m**3 + 17*m. What are the prime factors of k(-2)?
2, 29
Suppose -16*y - 70*y + 939120 = 0. List the prime factors of y.
2, 3, 5, 7, 13
Suppose -2*x + 2 = -2*f, -x - 3*f - f = 24. List the prime factors of (-3)/x + ((-2463)/(-12) - 4).
2, 101
Suppose -2*u + 133758 = 4*r, 17*u = 21*u + 20. What are the prime factors of r?
2, 23, 727
Suppose -12 = 3*m + 3*j - 0, 2*m = 4*j + 10. What are the prime factors of 4 + 290 + m - -2?
5, 59
Suppose 2*y = 2*f - 7 + 3, 0 = 3*f + 5*y - 6. Suppose 0 = 4*g - 21 - 151. Suppose -f = -c + g. List the prime factors of c.
3, 5
Let o(q) = 37*q**2 + 74*q + 677. List the prime factors of o(-17).
2, 79
Suppose -2*h + 59396 = -2*f, 4*h + 2*f = 2*h + 59428. What are the prime factors of h?
2, 3, 4951
Let z(y) = -y**3 + y**2 + y + 6. Let u = 116 - 116. Let k be z(u). What are the prime factors of (-392)/3*(-5)/20*k?
2, 7
Suppose -59*y - 107*y + 1235128 = -44*y. What are the prime factors of y?
2, 2531
List the prime factors of -7772*330/(-44) - -24.
2, 3, 9719
Let q(m) = 1. Let h(j) = 146*j**2 + 9*j - 5. Let u(c) = h(c) - 3*q(c). What are the prime factors of u(2)?
2, 3, 11
Let y(z) = 805*z + 38. Let b be y(1). Suppose 0 = 839*r - b*r + 5268. List the prime factors of r.
3, 439
What are the prime factors of 39*1*-75*(-50)/9?
2, 5, 13
Let g(f) = 5*f + 36. Let q(z) = 4*z + 38. Let c(y) = 4*g(y) - 3*q(y). What are the prime factors of c(24)?
2, 3, 37
List the prime factors of (-870)/9*(9/36)/(7/(-2562)).
5, 29, 61
Let i be (2796/4)/(4 + -1). Suppose 0 = 5*z - i - 2942. List the prime factors of z.
5, 127
Suppose -6*l - 748722 = -13*l - 22*l. List the prime factors of l.
2, 3, 13, 331
Let u = 326 + -323. Let j(q) = 60*q + 4. What are the prime factors of j(u)?
2, 23
Let w be 2*3/(-6)*(-45 - -26). Suppose 0 = w*n - 20*n + 2*a + 223, n + 5*a = 202. What are the prime factors of n?
7, 31
Let m(z) be the second derivative of 0 - 14*z + 1/20*z**5 - 1/6*z**3 + 38*z**2 - 1/12*z**4. What are the prime factors of m(0)?
2, 19
Let n(f) = -f**2 + 7*f + 5. Let o be n(7). Suppose 0*s + 4*s - 17 = 3*m, 2*s + 11 = -o*m. List the prime factors of ((-416)/(-80))/(s/15).
3, 13
Let f = -4135 + 11557. What are the prime factors of f?
2, 3, 1237
Let y(u) = -201*u + 964. List the prime factors of y(-25).
53, 113
Let m be (-6)/21 - 11*(-1520)/14. Suppose -p + m = 2*p. Suppose 0 = -5*g + 2*h + 920, 3*h + p + 527 = 5*g. List the prime factors of g.
2, 7, 13
Let n(g) = 152 + 21*g + 49 - 111. List the prime factors of n(14).
2, 3
Let s = 9081 + -6629. What are the prime factors of s?
2, 613
Let x(d) be the first derivative of -5*d**4/4 - 11*d**3/6 - 21*d**2 + 32. Let h(u) be the second derivative of x(u). What are the prime factors of h(-9)?
7, 37
Suppose -3*i + 44 = 4*m + m, -4*m = 3*i - 37. Suppose -2*l = -4*a + 580, -3*l = -5*a - m*l + 738. What are the prime factors of a?
2, 73
Suppose -2*r - 12 = -5*j, 8 = 3*r - 2*j + 4. Let g be -6*4/(0 + r). List the prime factors of -2 - (3 + g*27).
157
Let y(p) = -2*p**2 - 11*p + 2. Let h be y(-4). Suppose 10*v - h = 3*v. Suppose -v*c + 451 - 189 = 0. What are the prime factors of c?
131
Let m(q) = q**3 + 25*q**2 + 26*q + 49. Let r be m(-24). Suppose 0 = 5*g - 2*x - 19, 4*g + 2*x = -x + 6. What are the prime factors of r + 253 + g + 2?
7, 37
Suppose 27443*b - 1128265 = 27423*b + 399475. List the prime factors of b.
76387
Suppose -4*f - 4*g + 9248 = 0, 3*f - 5*f + 4610 = -5*g. Suppose -15*q + f = -4*q. Suppose -6*y = -4*y - q. List the prime factors of y.
3, 5, 7
Suppose 35*l = 66443 - 4633. What are the prime factors of l?
2, 883
Let i(x) = 59*x**2 - x - 13. Let d be i(-4). Suppose 5*o - d = 5*a, -4*a = 3*o - 47 - 493. Suppose 1 - 5 = m, 2*j + 5*m - o = 0. List the prime factors of j.
2, 3, 17
Let o be -16*(0 + (-1)/2). Let w(p) be the third derivative of 5*p**4/12 - 22*p**3/3 + 198*p**2 + 2*p. List the prime factors of w(o).
2, 3
Let t(g) = -2*g**3 - 6*g**2 - 9*g + 27. Let y be t(-8). Suppose -y - 366 = -5*k. What are the prime factors of k?
13, 17
Let g(j) = j**3 - 8*j**2 + 49. Let m be g(7). Suppose m = 24*f - 6*f - 2988. List the prime factors of f.
2, 83
Let y = 492 + 650. What are the prime factors of y?
2, 571
Suppose 164 = 4*p - 272. Suppose 0 = -h - 367 + p. Let q = -113 - h. List the prime factors of q.
5, 29
Suppos